
2, 45227513
What are the prime factors of 433957007?
11, 6263, 6299
List the prime factors of 4886333.
4886333
List the prime factors of 73381347.
3, 13, 627191
What are the prime factors of 57234734?
2, 181, 223, 709
What are the prime factors of 12439817?
13, 956909
List the prime factors of 2463948894.
2, 3, 11, 157, 21617
What are the prime factors of 5814710996?
2, 101, 14392849
List the prime factors of 1615466923.
7, 230780989
What are the prime factors of 345230884?
2, 5683, 15187
List the prime factors of 212605585.
5, 42521117
What are the prime factors of 385971556?
2, 23, 29, 144667
List the prime factors of 648104498.
2, 17, 59, 323083
What are the prime factors of 9795131?
79, 123989
What are the prime factors of 16787258?
2, 8393629
What are the prime factors of 19989952?
2, 312343
List the prime factors of 982977590.
2, 5, 7, 14042537
What are the prime factors of 2453422?
2, 1226711
What are the prime factors of 48553283?
59, 107, 7691
List the prime factors of 2029696266.
2, 3, 13, 17, 1530691
List the prime factors of 3092448641.
37, 83579693
What are the prime factors of 4611416742?
2, 3, 256189819
List the prime factors of 511371398.
2, 255685699
List the prime factors of 321695553.
3, 41, 59, 97, 457
What are the prime factors of 340842331?
16943, 20117
What are the prime factors of 456787271?
521, 876751
What are the prime factors of 9759411?
3, 17, 227, 281
What are the prime factors of 25558827?
3, 7, 331, 3677
What are the prime factors of 2209967642?
2, 131, 8434991
List the prime factors of 82904454.
2, 3, 137, 33619
List the prime factors of 7032478440.
2, 3, 5, 13, 4507999
List the prime factors of 360182820.
2, 3, 5, 6003047
What are the prime factors of 1104057220?
2, 5, 7, 149, 7561
What are the prime factors of 136075592?
2, 53, 487, 659
What are the prime factors of 876166345?
5, 139, 241, 5231
List the prime factors of 640304136.
2, 3, 2964371
What are the prime factors of 32734809?
3, 17, 213953
What are the prime factors of 898567098?
2, 3, 11, 13, 1047281
List the prime factors of 264106832.
2, 11, 17, 103, 857
List the prime factors of 49311545.
5, 31, 83, 3833
What are the prime factors of 332911931?
11, 2153, 14057
List the prime factors of 475764691.
29, 47, 113, 3089
What are the prime factors of 584680646?
2, 11, 31, 269, 3187
List the prime factors of 35482193.
467, 75979
What are the prime factors of 1870390436?
2, 43, 10874363
List the prime factors of 46832785.
5, 31, 73, 4139
List the prime factors of 77758795.
5, 15551759
List the prime factors of 623643560.
2, 5, 15591089
What are the prime factors of 342476759?
101, 263, 12893
List the prime factors of 258930407.
258930407
What are the prime factors of 2748462507?
3, 7, 43626389
List the prime factors of 1048248476.
2, 11, 41, 581069
List the prime factors of 1020146392.
2, 127518299
What are the prime factors of 2083609793?
359, 5803927
List the prime factors of 362060056.
2, 45257507
What are the prime factors of 17359491?
3, 1069, 5413
What are the prime factors of 4848744100?
2, 5, 31, 1564111
What are the prime factors of 912779240?
2, 5, 239, 95479
What are the prime factors of 166199978?
2, 7, 23, 41, 12589
List the prime factors of 2669362041.
3, 19, 43, 1089091
What are the prime factors of 777851018?
2, 7, 55560787
List the prime factors of 400847203.
400847203
What are the prime factors of 141473319?
3, 13, 131, 27691
What are the prime factors of 774462609?
3, 86051401
List the prime factors of 39289550.
2, 5, 17, 2719
What are the prime factors of 182339399?
11, 17, 113, 8629
What are the prime factors of 34539046?
2, 1579, 10937
List the prime factors of 46633412.
2, 7, 1665479
List the prime factors of 6808547365.
5, 269, 523, 9679
List the prime factors of 1373192787.
3, 41, 1097, 10177
List the prime factors of 1247322662.
2, 623661331
What are the prime factors of 7050793372?
2, 7, 19, 953, 13907
List the prime factors of 1349968670.
2, 5, 23, 5869429
List the prime factors of 2834326960.
2, 5, 59, 491, 1223
List the prime factors of 1335495561.
3, 3463, 128549
What are the prime factors of 4472225350?
2, 5, 1559, 57373
What are the prime factors of 119880816?
2, 3, 11, 109, 2083
What are the prime factors of 228737458?
2, 227, 503827
List the prime factors of 133373097.
3, 11, 13, 9421
What are the prime factors of 87587726?
2, 23, 41, 46441
What are the prime factors of 165240369?
3, 7, 2622863
What are the prime factors of 4671878?
2, 443, 5273
What are the prime factors of 281652140?
2, 5, 7, 11, 37, 4943
What are the prime factors of 815272010?
2, 5, 7, 709, 16427
What are the prime factors of 60070277?
37, 47, 34543
List the prime factors of 2186917741.
5153, 424397
What are the prime factors of 173790651?
3, 631, 91807
What are the prime factors of 38471205?
3, 5, 2564747
List the prime factors of 172841677.
11351, 15227
What are the prime factors of 91351226?
2, 907, 50359
What are the prime factors of 497885334?
2, 3, 79, 1050391
List the prime factors of 1898055811.
1898055811
What are the prime factors of 44857126?
2, 22428563
List the prime factors of 1343730016.
2, 41991563
List the prime factors of 2237398116.
2, 3, 127, 1468109
List the prime factors of 1339711810.
2, 5, 31, 1423, 3037
What are the prime factors of 1715850188?
2, 13, 17, 1033, 1879
List the prime factors of 1200095699.
11, 109099609
What are the prime factors of 62805869?
7, 79, 137, 829
What are the prime factors of 53618606?
2, 1453, 18451
What are the prime factors of 42182537?
31, 61, 22307
List the prime factors of 1344603728.
2, 13, 229, 28229
What are the prime factors of 676296132?
2, 3, 56358011
What are the prime factors of 1077851303?
1259, 856117
What are the prime factors of 111021462?
2, 3, 2055953
What are the prime factors of 27308988?
2, 3, 7, 12041
What are the prime factors of 13486850?
2, 5, 13, 20749
What are the prime factors of 34874793?
3, 430553
What are the prime factors of 29642806?
2, 47, 315349
What are the prime factors of 38868300?
2, 3, 5, 19, 2273
What are the prime factors of 198463496?
2, 7, 11, 199, 1619
What are the prime factors of 52363390?
2, 5, 541, 9679
List the prime factors of 938233990.
2, 5, 677, 138587
List the prime factors of 392996105.
5, 78599221
What are the prime factors of 33557565?
3, 5, 2237171
List the prime factors of 1080174492.
2, 3, 17, 47
What are the prime factors of 87061559?
13, 6697043
What are the prime factors of 211567003?
211567003
List the prime factors of 39298912.
2, 1228091
What are the prime factors of 115104909?
3, 17, 2256959
What are the prime factors of 487021515?
3, 5, 32468101
List the prime factors of 4252607380.
2, 5, 7, 30375767
What are the prime factors of 164000147?
61, 2688527
List the prime factors of 422887636.
2, 19, 53, 104987
List the prime factors of 936608806.
2, 7, 23, 2908723
What are the prime factors of 529983727?
7, 13, 727, 8011
List the prime factors of 1142782194.
2, 3, 17, 151, 74197
What are the prime factors of 548657420?
2, 5, 2069, 13259
What are the prime factors of 40675809?
3, 2027, 6689
What are the prime factors of 71195921?
71195921
List the prime factors of 27474307.
7, 3924901
What are the prime factors of 1836214524?
2, 3, 1009, 50551
List the prime factors of 3424772882.
2, 59, 29023499
List the prime factors of 155811792.
2, 3, 3246079
List the prime factors of 49255673.
23, 991, 2161
List the prime factors of 4340518760.
2, 5, 108512969
What are the prime factors of 622929952?
2, 19466561
List the prime factors of 2616347614.
2, 19, 4799, 14347
What are the prime factors of 1233934494?
2, 3, 13, 17, 930569
List the prime factors of 906747719.
349, 389, 6679
List the prime factors of 26975106.
2, 3, 73, 2281
List the prime factors of 161702514.
2, 3, 179, 16729
What are the prime factors of 16485064?
2, 71, 29023
List the prime factors of 1326418785.
3, 5, 19, 661, 2347
What are the prime factors of 290273804?
2, 72568451
List the prime factors of 1865930176.
2, 11, 31, 193, 443
What are the prime factors of 15415901?
15415901
List the prime factors of 1149117787.
1149117787
What are the prime factors of 2415523020?
2, 3, 5, 23, 1750379
What are the prime factors of 5435482076?
2, 19, 331, 216071
What are the prime fact